 x(-4).
6
Let b(l) = l**2 + 8*l + 17. Determine b(-7).
10
Let f(u) = 20*u**2 + u. Calculate f(1).
21
Let q(u) = -3*u - 36. Calculate q(-11).
-3
Let q(n) = n**2 - 13*n + 12. Give q(11).
-10
Let t(v) = -v**2 + 14*v + 16. Calculate t(15).
1
Let j(f) = f**3 + 8*f**2 + 7*f + 7. What is j(-7)?
7
Let d(g) = 42*g**2 + 3*g + 2. What is d(-1)?
41
Let b(h) = -2*h - 4. Calculate b(3).
-10
Let g(l) = l + 11. Give g(-4).
7
Let b(x) = -5*x**2 - 8*x - 10. Give b(-4).
-58
Let d(s) = s**3 + 9*s**2 - 2*s - 36. Determine d(-9).
-18
Let q(y) = -y**3 - 38*y**2 + 82*y + 73. Determine q(-40).
-7
Let p(y) = 8*y**3 - 3*y**2 + 6*y - 7. Give p(2).
57
Let d(x) = -16*x + 27. Determine d(2).
-5
Let a(p) = -p**2 - 7*p - 15. What is a(-6)?
-9
Let z(h) = h**2 - 8*h - 19. Give z(10).
1
Let u(l) = l**3 - 5*l**2 - 8*l + 16. Determine u(5).
-24
Let y(v) = 29*v - 14. What is y(-1)?
-43
Let g(v) = 9*v**2 - 2*v + 2. Calculate g(1).
9
Let w(b) = 2*b**2 + 19*b + 3. Give w(-8).
-21
Let d(o) = -o**3 + 6*o**2 + 10*o - 18. Give d(7).
3
Let b(a) = -3*a + 63. What is b(22)?
-3
Let z(q) = 6*q**3 - 5*q**2 + 4*q + 1. What is z(1)?
6
Let c(r) = -2*r**3 + 4*r**2 - 5*r + 5. Calculate c(2).
-5
Let g(o) = -o**2 + 6*o. Give g(-1).
-7
Let y(t) = -t**3 - 2*t**2 + t + 5. Give y(-4).
33
Let f(d) = 2*d**2 + 21*d + 48. What is f(-7)?
-1
Let b(f) = 4*f + 3. Give b(5).
23
Let a(m) = 3*m**2 - 3*m + 5. What is a(4)?
41
Let i(n) = -2*n**2 - 5*n + 10. Give i(-4).
-2
Let r(s) = -2*s**2 - 14*s + 32. What is r(2)?
-4
Let o(m) = -m**2 + 14*m - 25. Calculate o(11).
8
Let m(r) = 3*r + 12. Give m(-9).
-15
Let y(m) = -m**2 + 4*m + 38. Calculate y(7).
17
Let a(z) = z + 14. Calculate a(8).
22
Let z(n) = 18*n**2 - 73*n + 10. Give z(4).
6
Let d(o) = 12*o**3 - o**2 + o. Calculate d(-2).
-102
Let m(s) = -4*s + 20. Calculate m(4).
4
Let y(z) = z**3 + 6*z**2 - 8*z + 19. Calculate y(-6).
67
Let a(l) = 2*l - 8. What is a(0)?
-8
Let n(s) = -s**3 + 7*s**2 - s - 3. Give n(7).
-10
Let d(x) = -2*x**2 - 27*x - 19. Determine d(-11).
36
Let g(t) = -t**3 + 16*t**2 - 59*t - 8. Give g(10).
2
Let k(h) = -3*h**2 - 7. Determine k(-4).
-55
Let f(z) = -z**3 - 19*z**2 - 32*z + 30. Give f(-17).
-4
Let r(k) = 4*k - 38. Give r(15).
22
Let k(x) = -x**3 + 3*x**2 - 4*x + 2. What is k(4)?
-30
Let d(f) = -6*f + 8. What is d(4)?
-16
Let t(d) = 4*d**2 - d + 1. What is t(1)?
4
Let q(m) = m**3 - 2*m**2 - m + 4. Give q(3).
10
Let q(f) = f**2 + 10*f - 4. What is q(-8)?
-20
Let t(s) = -10*s + 27. Determine t(2).
7
Let w(z) = -11*z + 1. Calculate w(1).
-10
Let r(l) = l**3 + 25*l**2 + 17*l - 46. Calculate r(-24).
122
Let s(r) = -r**2 - 3*r - 3. Determine s(-3).
-3
Let o(j) = -3*j**3 - j**2 + 2*j - 1. Calculate o(1).
-3
Let q(o) = -6*o + 2. Determine q(-1).
8
Let p(u) = -u**3 + 10*u**2 + 13*u + 9. Calculate p(11).
31
Let q(a) = a**2 + 7*a - 5. Give q(-7).
-5
Let o(n) = -5*n + 7. What is o(4)?
-13
Let w(r) = 2*r**2 + 2*r - 7. Calculate w(-5).
33
Let k(v) = v**3 - 5*v**2 - 4*v - 14. What is k(6)?
-2
Let i(b) = -b**2 - 6*b - 4. Calculate i(-7).
-11
Let d(r) = 2*r + 18. Give d(6).
30
Let n(t) = -t**3 - 9*t**2 - 4. Calculate n(-9).
-4
Let b(h) = -h + 12. Give b(14).
-2
Let w(h) = h**2 + 9*h - 15. Calculate w(-11).
7
Let n(w) = 9*w + 6. Give n(-3).
-21
Let g(z) = z**3 + 8*z**2 - 7*z - 9. Calculate g(-9).
-27
Let b(i) = i**2 - i + 20. What is b(14)?
202
Let n(c) = 3*c**2 - 24*c + 3. Calculate n(7).
-18
Let n(c) = 2*c**2 - c - 4. Determine n(2).
2
Let x(v) = 33*v**3 + 2*v**2 - 3*v + 1. What is x(1)?
33
Let f(c) = -c**3 - 5*c**2 - 4*c - 5. Give f(-5).
15
Let i(l) = -l**3 - 6*l**2 - 4*l + 6. Give i(-5).
1
Let t(u) = -5*u + 81. What is t(9)?
36
Let j(r) = r**2 - 14*r - 108. Calculate j(-6).
12
Let v(z) = 3*z**2 - 22*z - 12. Calculate v(8).
4
Let n(v) = -4*v - 3. What is n(5)?
-23
Let k(m) = -m**3 + 7*m**2. What is k(7)?
0
Let v(x) = -16*x + 33. Give v(5).
-47
Let m(u) = u**2 - 3*u + 6. Calculate m(7).
34
Let t(r) = -12*r + 6. Give t(4).
-42
Let p(w) = w**2 - w + 2. What is p(0)?
2
Let a(j) = j**3 - 3*j**2 + 1. Give a(-1).
-3
Let w(p) = -3*p + 24. Determine w(9).
-3
Let p(u) = 81*u - 1129. Give p(14).
5
Let u(g) = g**2 + 59*g - 114. Determine u(2).
8
Let v(z) = -2*z - 46. Determine v(-22).
-2
Let q(j) = 8*j - 124. What is q(15)?
-4
Let h(o) = -o**3 - 2*o**2 + 5*o + 4. What is h(2)?
-2
Let f(h) = -h**3 + 12*h**2 + 12*h + 18. Determine f(13).
5
Let q(p) = 27*p. Determine q(-1).
-27
Let c(s) = -2*s**2 - 40*s + 42. Give c(-21).
0
Let h(n) = 4*n**2 + 4. Give h(-1).
8
Let y(l) = l**3 - 4*l**2 - 9*l + 25. Give y(5).
5
Let q(u) = 2*u + 22. Calculate q(-9).
4
Let m(v) = -13*v + 89. Determine m(7).
-2
Let d(y) = y + 6. Calculate d(-6).
0
Let s(q) = -q**3 - 9*q**2 - 3*q + 31. What is s(-8)?
-9
Let j(w) = w**2 + 7*w + 5. Give j(-9).
23
Let k(p) = -17*p**2 - 1. Determine k(2).
-69
Let a(i) = i**3 + 5*i**2 + 3*i - 2. Calculate a(-4).
2
Let i(j) = -26*j**2 + 3*j. Determine i(2).
-98
Let i(x) = 2*x**2 + 26*x - 37. Determine i(-14).
-9
Let o(n) = -n**2 + n + 6. Calculate o(4).
-6
Let w(t) = 115*t - 686. Determine w(6).
4
Let g(p) = -p**2 + 9*p + 34. Determine g(12).
-2
Let c(z) = z**3 - 10*z**2 + 9*z + 12. Calculate c(9).
12
Let w(a) = 7*a - 6. Calculate w(9).
57
Let l(r) = r**3 - 44*r**2 - 46*r + 51. Determine l(45).
6
Let w(v) = -v**2 - 8*v + 92. Give w(-13).
27
Let z(d) = -d**3 - 17*d**2 + 62*d - 8. Calculate z(-20).
-48
Let m(w) = w**2 - 20*w + 69. Calculate m(10).
-31
Let r(a) = a**3 + 14*a**2 + a + 1. Give r(-14).
-13
Let r(q) = 9*q**2 - q + 2. Give r(2).
36
Let j(c) = -c**3 + 8*c**2 + 7. Calculate j(8).
7
Let v(z) = 3*z - 6. Calculate v(-3).
-15
Let i(v) = v**3 + 19*v**2 + 87*v - 6. Give i(-11).
5
Let h(r) = r**3 - 13*r**2 + 34*r - 9. Give h(3).
3
Let g(r) = r**2 + 9*r + 20. Calculate g(-8).
12
Let g(b) = b - 19. Calculate g(10).
-9
Let k(f) = f**3 + 10*f**2 + 2*f - 1. Give k(-10).
-21
Let m(h) = h**3 - 2*h**2 - 4*h - 2. Give m(-2).
-10
Let g(i) = -2*i**3 + 2*i**2 + i + 6. Give g(-3).
75
Let b(d) = -d**2 - d + 4. Determine b(2).
-2
Let x(v) = v + 40. Give x(0).
40
Let g(d) = -13*d + 111. Calculate g(8).
7
Let s(p) = -p**2 + 8. Determine s(-5).
-17
Let h(g) = g**3 - 9*g**2 + 3*g - 28. Determine h(9).
-1
Let s(x) = -x + 4. Calculate s(-3).
7
Let g(q) = q**2 - 3*q - 25. Give g(-4).
3
Let v(s) = -s**2 - 9*s - 15. Give v(-4).
5
Let t(m) = -5*m**2 + 155*m - 149. Determine t(30).
1
Let r(m) = 3*m**2 - 2*m - 7. Give r(-2).
9
Let k(z) = 26*z + 190. Determine k(-7).
8
Let a(y) = -y**3 - 4*y**2 + 3*y - 6. What is a(-5)?
4
Let h(q) = 9*q**2 + q + 3. What is h(3)?
87
Let b(p) = p**2 - 4*p - 4. What is b(3)?
-7
Let u(p) = p**3 + 12*p**2 + 2*p - 4. Determine u(-12).
-28
Let o(x) = -x**2 + 36. Determine o(0).
36
Let j(p) = p**3 - 6*p**2 + 10*p - 6. Calculate j(4).
2
Let d(c) = -13*c - 35. Calculate d(-3).
4
Let y(f) = f**3 + 14*f**2 + 10*f - 2. Give y(-13).
37
Let f(j) = 2*j**3 - 8*j**2 + j + 2. Determine f(4).
6
Let h(o) = -o**3 - 22*o**2 - 5*o - 114. What is h(-22)?
-4
Let i(s) = -s**2. Calculate i(1).
-1
Let l(r) = -23*r + 168. What is l(8)?
-16
Let v(p) = -18*p**3 + p**2 + p - 1. Calculate v(1).
-17
Let n(x) = -2*x**2 + 14*x - 9. Calculate n(5).
11
Let f(x) = 8*x - 6. Calculate f(-4).
-38
Let b(w) = -2*w**3 - 75*w**2 - 106*w + 80. What is b(-36)?
8
Let u(y) = -y**2 + 10*y - 35. Determine u(8).
-19
Let o(l) = l**2 - 5*l - 4. Determine o(7).
10
Let s(j) = -2*j**2 - 23*j - 27. What is s(-10)?
3
Let k(c) = c**3 + 12*c**2 + 14*c - 10. Give k(-11).
-43
Let z(s) = -s - 4. Determine z(-6).
2
Let z(m) = 4*m - 98. What is z(26)?
6
Let j(u) = 4*u**2 - 3*u + 2. Calculate j(4).
54
Let v(z) = z**2 + 9*z + 5. Give v(-8).
-3
Let l(n) = 8*n + 50. Calculate l(-6).
2
Let u(l) = -36*l + 1. Determine u(0).
1
Let j(s) = -s**2 + 12*s - 15. What is j(11)?
-4
Let t(i) = 6*i - 1. What is t(1)?
5
Let c(p) = 17*p + 26. Calculate c(-3).
-25
Let h(w) = 11*w - 134. What is h(11)?
-13
Let z(w) = w**3 - 7*w**2 + 2*w - 3. Determine z(4).
-43
Let t(p) = -p**3 - 5*p**2 - 2*p - 14. Determine t(-5).
-4
Let l(o) = 2*o**2 + 5*o + 3. What is l(-4)?
15
Let n(a) = -5*a + 4. Determine n(11).
-51
Let v(c) = 33*c - 122. Give v(4).
10
Let u(y) = y**2 + 9*y + 8. Calculate u(-7).
-6
Let j(r) = r**3 + 3*r**2 + 7*r - 3. Give j(-4).
-47
Let c(f) = -f**3 - 7*f**2 + 8*f. Give c(-8).
0
Let i(t) = t**3 + 16*t**2 - 16*t + 13. Give i(-17).
-4
Let n(